1101 - -2020121010112?
2020120112011
In base 14, what is 8 + 37100?
37108
In base 9, what is -5 + -684448203?
-684448208
In base 14, what is 13 - -806c99?
806cac
In base 10, what is -156337751 + 0?
-156337751
In base 6, what is -1303 - 35132?
-40435
In base 12, what is -427a935 - 5?
-427a93a
In base 5, what is -3114341 - 1132?
-3121023
In base 4, what is 120 - 23131300023?
-23131233303
In base 4, what is 2 + 1030320101213?
1030320101221
In base 10, what is 5026598 - -5?
5026603
In base 6, what is 2240243 - -2?
2240245
In base 8, what is -173 - 305360?
-305553
In base 6, what is 22305 - 3314131?
-3251422
In base 8, what is -1 - 6463410?
-6463411
In base 13, what is 3401a70 + -2?
3401a6b
In base 16, what is -8ff + -4a2?
-da1
In base 3, what is -12020 - -1210020122?
1210001102
In base 7, what is -4 - 430616155?
-430616162
In base 11, what is -4163455 - 2?
-4163457
In base 10, what is -77747 + -2794?
-80541
In base 5, what is 1011114232 - 13?
1011114214
In base 15, what is -82a29 + -6?
-82a30
In base 5, what is -40414123400 + 3?
-40414123342
In base 12, what is -4227620 + -6b?
-422768b
In base 14, what is -2 + -d3c9340?
-d3c9342
In base 15, what is 7eec + 108?
8105
In base 9, what is -130330 + 54?
-130265
In base 3, what is 21200002021 + 1002020?
21201011111
In base 8, what is -126432 - 304?
-126736
In base 5, what is 102320304 - -2440?
102323244
In base 15, what is -1ccd7b7 - -4?
-1ccd7b3
In base 10, what is -61 + 29084639?
29084578
In base 8, what is 4 + -573206173?
-573206167
In base 4, what is 30 - -2231302301?
2231302331
In base 5, what is -101 - 44102103?
-44102204
In base 5, what is 41011024 + -1?
41011023
In base 8, what is 457062 + 115?
457177
In base 7, what is 440201 - 20?
440151
In base 3, what is -121120211110020221 - -2?
-121120211110020212
In base 14, what is -13a - -19935?
197d9
In base 11, what is -32a25 + -146?
-33070
In base 14, what is ac0a + -135?
aab5
In base 7, what is -1140355 - 632?
-1141320
In base 2, what is 1001101010 + -11100111100000011001?
-11100111010110101111
In base 2, what is 101001010001 + 111110111101110?
1000100000111111
In base 5, what is -113033404141 + 11?
-113033404130
In base 2, what is -1001100000101100110011000 - 1000?
-1001100000101100110100000
In base 6, what is -342302502 - -2?
-342302500
In base 9, what is 63745683 + -12?
63745671
In base 12, what is -5 + 534332a0?
53433297
In base 14, what is -67 - -732da?
73273
In base 5, what is 3141 - 4241030?
-4232334
In base 15, what is 2d260c6 - 5?
2d260c1
In base 14, what is -242b2 - 29?
-242db
In base 5, what is 2012303201 - -20?
2012303221
In base 7, what is -3 - -21146453?
21146450
In base 14, what is 242586c - -1?
242586d
In base 13, what is 849 - 1239?
-6c0
In base 4, what is 2 + -10122313000010?
-10122313000002
In base 15, what is -2040c + -97?
-204a4
In base 6, what is -10352121521 + -30?
-10352121551
In base 5, what is 113110 + -41004?
22101
In base 14, what is -976 - -3b?
-939
In base 8, what is 104766 - 650?
104116
In base 12, what is -3726 - 59a?
-4104
In base 10, what is -27 - -295319?
295292
In base 11, what is -11480 - -58?
-11423
In base 6, what is 101555052 - 131?
101554521
In base 6, what is 4444250 + -2?
4444244
In base 11, what is 20309 - 249?
20070
In base 14, what is -7580d7 - 1?
-7580d8
In base 5, what is 3412411401 - 2?
3412411344
In base 7, what is 416125232 - 4?
416125225
In base 2, what is -1010111111000001010100000 - -1001?
-1010111111000001010010111
In base 5, what is 14114 + 24334?
44003
In base 3, what is 121210222211 - -10?
121210222221
In base 8, what is 1241 + -210524?
-207263
In base 11, what is -87 - -a546?
a46a
In base 11, what is -8999 - -11a0?
-77a9
In base 10, what is 93772102 + -2?
93772100
In base 8, what is 1325 - -140361?
141706
In base 15, what is -a + -17094d0?
-17094da
In base 14, what is -6091313 - 5?
-6091318
In base 11, what is -1 - 166243a?
-1662440
In base 4, what is -203231212211323 - -1?
-203231212211322
In base 14, what is 2d3 + -70a?
-417
In base 9, what is -6633681 - -8?
-6633672
In base 8, what is 112422357 + -4?
112422353
In base 8, what is 21035250 + -22?
21035226
In base 9, what is 3387843 + 1512?
3400455
In base 15, what is -5caeb - 259?
-5cd55
In base 12, what is 2656b92 + -1?
2656b91
In base 4, what is -121 + 313002301123?
313002301002
In base 9, what is 3271 + 3277?
6558
In base 12, what is 12388 + -80a?
1177a
In base 5, what is 13 - -221100141?
221100204
In base 16, what is -29 - -11aee?
11ac5
In base 15, what is 2e - 18e08?
-18dc9
In base 7, what is 3000 + -221150?
-215150
In base 4, what is 1 - 3013332012333?
-3013332012332
In base 2, what is 11000000110100100100000 - -1000?
11000000110100100101000
In base 11, what is 3 + 213833?
213836
In base 2, what is 1110001100101110100111100000 - 100?
1110001100101110100111011100
In base 4, what is -2220 + 13322311130?
13322302310
In base 9, what is -1544 - -22476?
20832
In base 9, what is -107 + -37766?
-37874
In base 6, what is -102 - 4410311?
-4410413
In base 11, what is -4 + 29587383?
2958737a
In base 6, what is 2332251 + -1310?
2330541
In base 3, what is -12101020022 - 2021?
-12101022120
In base 9, what is -243485 - -4?
-243481
In base 5, what is -1320100404 + -422?
-1320101331
In base 13, what is -8c0c22 - -89?
-8c0b66
In base 13, what is -39 - -62cc16?
62cbaa
In base 11, what is 57 - 281060?
-281004
In base 7, what is -20606 - -5560?
-12016
In base 15, what is 20e8bb + -5?
20e8b6
In base 10, what is 25 - -20722289?
20722314
In base 14, what is 194 - c360?
-c1aa
In base 6, what is -2222514250 - -104?
-2222514142
In base 3, what is 2210111210211 - -1?
2210111210212
In base 9, what is -4 + 20138764?
20138760
In base 13, what is -80373 + -2a2?
-80645
In base 7, what is 3 + -150601605?
-150601602
In base 7, what is -3456 - -1165644?
1162155
In base 11, what is 56a03 - -2?
56a05
In base 2, what is -10000011011000001000 - 11111?
-10000011011000100111
In base 3, what is 22 - 20022120020120?
-20022120020021
In base 15, what is 75222d9 - 0?
75222d9
In base 3, what is -11101121221021 + -12?
-11101121221110
In base 5, what is -104004033424 + 1?
-104004033423
In base 2, what is -101000101100000 + 1000100101?
-100111100111011
In base 9, what is -4102227 - -4?
-4102223
In base 4, what is 3333302300133 + -1?
3333302300132
In base 5, what is 1024 + 122100031?
122101110
In base 5, what is -14211000 - 133?
-14211133
In base 14, what is -3 + -a51974?
-a51977
In base 11, what is -5 - 4628148?
-4628152
In base 15, what is ad3 - -1b0a?
26dd
In base 13, what is -10a964 + -62?
-10a9c6
In base 3, what is 2 - -10011210000010?
10011210000012
In base 4, what is 30302 - -222323323?
223020231
In base 13, what is 171 + 819?
98a
In base 7, what is -325332503 + -3?
-325332506
In base 16, what is -34d586 + 3?
-34d583
In base 4, what is 3 + -310310120113?
-310310120110
In base 11, what is -21 + 8698?
8677
In base 3, what is -1120 + 1102010111?
1102001221
In base 16, what is -1f + 29759?
2973a
In base 8, what is -467 + -41762?
-42451
In base 8, what is 42 - 16334221?
-16334157
In base 3, what is -20212202 - 12010212110?
-12101202012
In base 3, what is -12 - 122002100001112022?
-122002100001112111
In base 15, what is 82 + a1ce?
a261
In base 14, what is a01c440 - a?
a01c434
In base 9, what is -27 + 1156507?
1156470
In base 15, what is -ea1 - 6b63?
-7b14
In base 11, what is 2655195a + 1a?
26551979
In base 16, what is -cadb9 - 3b?
-cadf4
In base 3, what is -10022122 + -2122120?
-12222012
In base 13, what is -3352 + 102?
-3250
In base 9, what is 16128540 - -46?
16128586
In base 12, what is 3b4a + 779?
4707
In base 15, what is -832c7 - -10?
-832b7
In base 9, what is 5023346 + -3?
5023343
In base 11, what is 5037aa2 + -73?
5037a2a
In base 16, what is -18f9 + -490?
-1d89
In base 5, what is 132212 - -230132?
412344
In base 11, what is 5 + 9696774?
9696779
In base 4, what is -12 - -30012022021?
30012022003
In base 16, what is -3c0c + -3a0?
-3fac
In base 14, what is -5 + 3cd4927?
3cd4922
In base 7, what is 56 - -10210525?
10210614
In base 10, what is 10684 - -28412?
39096
In base 16, what is 2 - -463f5f?
463f61
In base 5, what is 33210 - -130031423?
130120133
In base 2, what is 100 + 1101101101001011000101010?
1101101101001011000101110
In base 3, what is 20121220 + -10110102002?
-10012210